the prime factors of j.
2, 3, 31
Let n(p) = p**2 - p - 1. Let o(g) = -5*g + 8. Let s(k) = 14*k - 24. Let j(v) = 11*o(v) + 4*s(v). Let b be j(6). List the prime factors of n(b).
5
Suppose -3*i - 6 + 18 = 0. Suppose 2*y = -2*j + 1212, 1042 + 1382 = i*j - 5*y. What are the prime factors of 8/56 + j/21?
29
Let b(x) = -21*x**3 - 6*x**2 - 6*x - 11. List the prime factors of b(-3).
2, 5, 13
Suppose 3*u - 3*p - 6 - 3 = 0, 0 = 4*u - 2*p - 12. Suppose 4*k - 5*j = -0*k + 304, 0 = k + u*j - 76. What are the prime factors of k?
2, 19
Let b(p) = p**3 - 9*p**2 + 4*p - 3. Let r(w) = w**2 + 3*w - 2. Let d be r(-5). Let a be d/32 - 105/(-12). List the prime factors of b(a).
3, 11
Suppose 0 = -22*q + 37*q - 21720. List the prime factors of q.
2, 181
Suppose -2*h = -4*u - 24, -5*h + 4*h + 4*u = -18. Suppose x - h = 7. Let f = x + -10. List the prime factors of f.
3
Suppose -2*k = -5*n + 22024, 10*k + 17609 = 4*n + 5*k. What are the prime factors of n?
2, 2203
Let n(z) = 15*z**2 + 6*z + 6. List the prime factors of n(4).
2, 3, 5
Let m be (0 + 0)*(-5)/(-15). Suppose 20*z - 16*z - 8 = m. Suppose 19 = 3*x - z*x. What are the prime factors of x?
19
What are the prime factors of 2 + 42 + 10/(90/27)?
47
Let m be (-1 - (-1 + 0)) + 11. Let j(a) = -a + 13. Let p be j(m). Suppose p*h + 0*h = 38. List the prime factors of h.
19
Let t be -4 - -2 - (1 + -1). Let n(c) = 9*c**2 - 5*c - 2. What are the prime factors of n(t)?
2, 11
Let f(g) = g**2 + 4*g. Let p be f(-3). Let s(b) = -3778 - 3*b**3 + 2*b**3 + 3782. List the prime factors of s(p).
31
Suppose -4*h + s = -795, 2*h - s = 5*h - 605. Let t = 385 - h. List the prime factors of t.
5, 37
Let m = -12 + -48. Let s = 74 + m. What are the prime factors of s?
2, 7
List the prime factors of (-86560)/(-32) - (-1 - -11).
5, 7, 11
Let f(r) = 2*r**2 - 9*r - 1. List the prime factors of f(-8).
199
List the prime factors of ((-6385)/5)/((-7)/14).
2, 1277
Suppose 4*b = 4*s - 1592, -16*s + 19*s + b - 1206 = 0. List the prime factors of s.
401
Let h(b) = -193*b + 8. What are the prime factors of h(-2)?
2, 197
Let c(t) = -t**3 + 9*t**2 - 9*t + 15. Let v be c(7). Suppose -2*n + r + v = 0, 2*n - r - 58 = -2*r. List the prime factors of n.
3
Suppose -d - 5 = -0*d + 4*g, 3*g = -2*d. Suppose 2*q = -d*q + 55. List the prime factors of q.
11
Suppose -3*f = -6*r + 8*r - 4022, -3*r + 6014 = -5*f. List the prime factors of r.
2, 251
Suppose -1 - 9 = 5*y. Let d be (4/(-12))/(y/18). List the prime factors of 3*((-4)/d)/(-2).
2
Let o(c) = -166*c - 2. Let a be o(-1). Let m = a - 40. What are the prime factors of m?
2, 31
Let r(m) be the first derivative of -3*m**2/2 - m - 3. Let z be r(1). What are the prime factors of (30/z)/(8/(-16))?
3, 5
Let p be (-1 - -1) + 4 + -2. Let x = p + -2. Suppose 0*b - b + 23 = x. What are the prime factors of b?
23
Suppose 0*w - w + 58 = 0. Suppose 5*u - w = -o, 2*o + 0*o = 5*u + 101. What are the prime factors of o?
53
Suppose 2*d - 1 = 1. Let x(o) be the second derivative of 11*o**4/12 + o**3/3 - o**2/2 - 3*o. What are the prime factors of x(d)?
2, 3
Suppose -4*n = -3*g + 4958 - 1051, -3*n - 5200 = -4*g. What are the prime factors of g?
1297
Let p(l) = 6*l**3 - 2*l**2 - 2*l - 34. List the prime factors of p(5).
2, 41
Suppose 4*r = -3*o - 186, -r = o - 0*o + 61. Let z = 16 - o. What are the prime factors of z?
2, 37
Let g(o) = 167*o + 111. List the prime factors of g(7).
2, 5
Suppose 868 + 1832 = 9*n. Suppose -37*u - n = -40*u. List the prime factors of u.
2, 5
Let i(n) = 4*n + 14. Suppose -7*h - 10 + 115 = 0. What are the prime factors of i(h)?
2, 37
Suppose 0 = s - 5*s + 12768. What are the prime factors of s?
2, 3, 7, 19
Let u(b) be the second derivative of -b**5/20 - b**4/2 + 4*b**3/3 + b**2/2 + 3*b. Let q be u(-7). Let w = 49 - q. What are the prime factors of w?
5, 11
Let d = 375 + 435. What are the prime factors of d?
2, 3, 5
Let x(l) = l**2 + 12*l + 63. What are the prime factors of x(-26)?
7, 61
Suppose -36 - 4 = -8*d. Suppose x + 1453 = d*p, -295 = -p + 2*x - 4*x. What are the prime factors of p?
3, 97
Let i(d) = 712*d**2 - 11*d + 21. List the prime factors of i(2).
3, 13, 73
Suppose 0 = 42*p - 40*p - 4714. What are the prime factors of p?
2357
List the prime factors of -4*3/54 + 1822/18.
101
Let r = 207 + -30. What are the prime factors of r?
3, 59
Let g(h) = h**3 - 2*h**2 - 4*h - 2. What are the prime factors of g(6)?
2, 59
Suppose -4*l + 3*l + 3647 = 3*c, -3*c + 3*l = -3663. List the prime factors of c.
1217
Let p = -7 - 2. Let n(l) = 2*l**2 + 14*l + 7. Let v be n(p). Let y = v - 12. List the prime factors of y.
31
Let i(b) = -4*b**3 + 6*b**2 - 2*b - 12. Let f be i(-6). Suppose 120*k - 115*k = f. What are the prime factors of k?
2, 3
Let b = 47 + -18. Let j = 2 + -15. Let d = b + j. What are the prime factors of d?
2
Let j(w) = -21*w - 5. Let g(k) = 43*k + 10. Let q(l) = 6*g(l) + 13*j(l). Let n be q(3). Let a = -27 - n. List the prime factors of a.
23
Suppose 0 = -3*z + 23 - 89. Let m = -10 - z. List the prime factors of m.
2, 3
Suppose -v + 11184 = 4*l + v, -3*l + 8381 = -2*v. List the prime factors of (-2)/12 + (l/(-30))/(-1).
3, 31
Let d be ((-220)/25 - -5) + (-2)/10. Suppose 2*z + z + 6 = 0. List the prime factors of (z - d)/((-1)/(-9)).
2, 3
Let p be (2/3)/((-10)/165). Let q = 27 + p. Suppose 5*z = 3*z + q. What are the prime factors of z?
2
Suppose 4*p = 2*t + 190, -2*p - 181 = -6*p + 5*t. What are the prime factors of p?
7
Suppose -15 = 10*v - 15*v. What are the prime factors of (-8 - -2) + v + 25?
2, 11
Let x(o) = 2*o**2 + 14*o + 5. Let m be x(-7). Suppose -198 = -4*a - 0*b - b, 237 = m*a - 4*b. What are the prime factors of a?
7
Suppose 0 = f + 4*f - 30. Let q(s) = 3*s - 14. Let z be q(f). Let m(x) = x**3 - x**2 - 4*x + 5. List the prime factors of m(z).
37
Suppose -1973 - 2702 = -11*x. List the prime factors of x.
5, 17
Let m(z) = -z**2 + 73*z - 149. List the prime factors of m(32).
1163
Let w be (-15)/(-3) + 0 - 0. Suppose 3*d - 39 = 5*m + 2*d, 4*m + w*d = -8. Let n = m - -13. What are the prime factors of n?
2, 3
Let g = 13 - 1. Let o = 55 - 31. Let x = o - g. What are the prime factors of x?
2, 3
Let s = 324 - -395. What are the prime factors of s?
719
What are the prime factors of (124/10)/((-51)/(-10) - 5)?
2, 31
Let h = -46 + 42. List the prime factors of h/(-3)*729/18.
2, 3
Suppose 71*a = 13*a + 109678. What are the prime factors of a?
31, 61
Suppose -312 = -3*c + 717. List the prime factors of c.
7
Suppose 5*k - 3*q = -12, -k + 3*k + q = 4. Let b be (0 + k/1)/(-2). What are the prime factors of (0 - 3)/(b + -1)?
3
Suppose -29*o + 101203 + 297 = 0. List the prime factors of o.
2, 5, 7
Let x(j) = 2*j**2 - 3*j + 5. Let h(k) = -k**2 + 19*k - 37. Let l be h(17). What are the prime factors of x(l)?
2
Let n(r) = 41*r**2 - 7*r + 4. What are the prime factors of n(4)?
2, 79
Let l be -2 - (4 - (-3)/3). Let o(h) be the third derivative of h**6/120 + 7*h**5/60 - 5*h**4/24 - 7*h**3/6 + 20*h**2. List the prime factors of o(l).
2, 7
Suppose -h + 360 = 4*b - 2*h, -12 = -3*h. Let l(f) = 15*f - 5. Let y be l(6). Suppose -3*w = -4*d + b, -w + 6*w + y = 4*d. List the prime factors of d.
5
Let t(w) = -3*w**3 + 44*w**2 - 30*w + 54. What are the prime factors of t(12)?
2, 3, 47
Let u(q) = q**3 + 4*q**2 + q - 3. Let a be u(-3). Let i(o) = 8*o**2 + 7*o - 7. List the prime factors of i(a).
2, 43
Let b = 8 - 10. Suppose -2*i = 2*i - 3*v - 32, 4*v = -4*i + 4. List the prime factors of (i + -11)*7/b.
3, 7
Let z = -1092 - -2337. What are the prime factors of z?
3, 5, 83
Let r = 841 - 439. List the prime factors of r.
2, 3, 67
Let m be ((-3)/2)/((-30)/60). Suppose -3*f - m*f + 366 = 0. What are the prime factors of f?
61
Suppose -214*q + 6380 = -209*q. What are the prime factors of q?
2, 11, 29
Let y = 8171 + -4920. What are the prime factors of y?
3251
Suppose 5*z = -4*t + 2*z + 2487, 0 = 4*z - 20. What are the prime factors of t?
2, 3, 103
Suppose 5*d + 0*r - 2973 = -3*r, 3*d + 3*r = 1779. What are the prime factors of d?
3, 199
Suppose 137 = -x + 8. List the prime factors of x/6*-2*1.
43
Let q be (-24)/60 - (-617)/5. Let i(n) = n**3 + 6*n**2 + n + 6. Let l be i(-6). Suppose 3*t - 6*t + q = l. What are the prime factors of t?
41
Suppose 0 = 3*k - 163 + 1. Let n be k/4 + 3/6. List the prime factors of -2*1*(-203)/n.
